2 - 1. Let l be t(1). Let m = l + 65. Is m a prime number?
False
Let z = 51 + -20. Is z a composite number?
False
Suppose 2153 = h + 4*z, 2*h + 4293 = 4*h - 5*z. Is h a prime number?
False
Suppose 3*n - 612 = 7*n. Let l = n + 242. Is l a prime number?
True
Suppose -5*t + 2*c + 68 = 0, 2*t + 2*c + 32 = 4*t. Let m be 4/14 - (-561)/21. Let z = m - t. Is z composite?
True
Let u(h) = -h + 13. Let m be u(10). Is m + 0 - (0 - 124) a composite number?
False
Suppose 4*h = 5*n - 437, n - 83 = 4*h - h. Is n a prime number?
True
Let g = -501 + 908. Is g composite?
True
Let b(m) = 619*m + 6. Let f(g) = 413*g + 4. Let r(d) = -5*b(d) + 8*f(d). Is r(1) a prime number?
True
Suppose 0 = 2*b - 3*f + 4 - 25, 0 = -b + f + 8. Suppose -2*h = -3*h - b*u + 205, -h + 221 = -5*u. Is h a composite number?
False
Is 3028/12 - (-8)/12 prime?
False
Is (502/(-4))/((-5)/10) prime?
True
Let c(k) = 446*k - 2. Let q be c(3). Suppose 0 = -2*v - 3*j + 673, -4*j + 0*j = 4*v - q. Is v a composite number?
True
Let j(t) = -35*t + 25. Is j(-12) a prime number?
False
Suppose -3*q + 2603 - 445 = 4*w, -2*w - 4*q + 1074 = 0. Is w a prime number?
True
Is 735 - (-9)/(36/8) a composite number?
True
Suppose 0 = -c + 2 - 4. Is ((-248)/(-12))/(c/(-15)) a prime number?
False
Let o(c) = 4*c - 3. Let p be o(2). Is 1436/10 + (-3)/p composite?
True
Let v = -10 + 29. Suppose v = 3*b - 2*b. Is b prime?
True
Let v(t) = -t + 11. Let c be v(8). Let w be 6*(2 - 4/c). Suppose 0*r = -4*r - w*k + 336, 3*k - 15 = 0. Is r a composite number?
False
Suppose -3*u = 105 - 1578. Is u a prime number?
True
Let w(j) = -j**2 + 29*j + 2 - 1 + 9. Is w(12) a prime number?
False
Let y = -2 + 2. Let g(w) = w + 2. Let k be g(y). Suppose -k*s - 19 = -3*s. Is s a composite number?
False
Is (2 + 1)*((-1104)/(-9) - 3) composite?
False
Let j(a) be the second derivative of 23*a**6/360 - a**4/24 - a**3/2 + 2*a. Let g(u) be the second derivative of j(u). Is g(1) a prime number?
False
Let u(v) = -7*v + 0*v + 6*v + 22. Suppose -2*z = -3*z. Is u(z) a composite number?
True
Let v = -2 + 3. Let f(y) = 7*y**2 - v + 12*y - 3*y**2 - 2*y**2. Is f(-9) a prime number?
True
Let p(m) = m**2 - 5*m - 4. Let b be p(6). Suppose 3*o - c = 38, 0*o = -2*o + b*c + 20. Is o composite?
True
Suppose 7 = h - y, 10 = 2*h - 0*y - y. Is h + 210 + (-8)/(-4) a composite number?
True
Suppose -4*f + 3073 + 1771 = 0. Is f a composite number?
True
Suppose -1025 = -2*t - 5*y, -6*t + 3*t + 3*y = -1548. Let u = -168 + t. Is u composite?
False
Is (-9)/15 - 2236/(-10) prime?
True
Is 1/((-9)/(-2)) + 9373/63 prime?
True
Suppose 0*m + 2*m = y + 175, y - 3*m + 172 = 0. Let h = 260 + y. Is h a composite number?
False
Let r = -9 - -6. Let g be r/(-9) - (-11)/3. Suppose 31 = b - g*y, b = -4*b - y + 92. Is b a prime number?
True
Suppose -2*w + 6 = 4*s, 0 = -5*w - 0*w + s + 26. Suppose 0 = 3*o - w*o + 4*a + 182, 2*o + a = 162. Is o composite?
False
Let q = -77 - -148. Is q a composite number?
False
Suppose -5*f = -4*t + 20358, t + 2*f - 5089 = 3*f. Is t composite?
False
Let p be (0 - 0/(-3))/(-2). Let z be 2 + -1 + (p - -1). Suppose 0 = z*f - 7*f + 130. Is f composite?
True
Let m(t) = -2*t. Let z be m(-1). Is (-116)/(-4) - (5 - z) prime?
False
Let z = -224 - -1311. Is z a prime number?
True
Let o = -9 + 12. Is (516/9)/(2/o) a prime number?
False
Let l(h) = -3*h**3 - 5*h**2 - 2*h - 5. Let o be l(-4). Let r = -4 - -8. Suppose -2*a = -4*w + 2*a + 96, r*a = 5*w - o. Is w composite?
False
Suppose -5*m - 63 + 13 = 0. Let d be (m/6)/((-1)/(-3)). Let n(k) = 3*k**2 + 6*k + 4. Is n(d) a prime number?
False
Let b = 2 - 5. Is (183/(-12) - b)*-4 prime?
False
Let y(p) be the first derivative of 4*p**2 + 1/4*p**4 + 5*p + 3*p**3 + 3. Is y(-7) composite?
False
Suppose 3734 = 5*x + 3*h, -2*x - 131 = 5*h - 1636. Is x composite?
True
Let t = 108 + -89. Is t composite?
False
Let k = -219 + 2400. Is k prime?
False
Suppose 2*o + 2067 = 5*l, -l - 4*o + 3*o + 412 = 0. Is l a prime number?
False
Let j(n) = -n + 2. Let v(h) = -h**3 + 5*h**2 + 7*h - 6. Let q be v(6). Let o be j(q). Suppose 0*z - 32 = -2*p - 5*z, -o*z + 122 = 5*p. Is p prime?
False
Suppose -3*a - 477 = -0*m - 3*m, 5*m = -2*a + 809. Is m a composite number?
True
Let o = 125 + 662. Is o prime?
True
Let k(l) = 7*l**2 - 9*l + 5. Suppose -2*s + 2*d = -10, 3*s + 0*s - 2*d - 16 = 0. Is k(s) prime?
False
Suppose w - 12 = -0*w - 2*k, -20 = -5*k. Suppose 2*n + n = 3*c + 21, w*c = -4*n + 12. Is 202/8 - c/(-8) a prime number?
False
Let c = -18 + 31. Is c a prime number?
True
Let f(c) = c + 39. Let d be f(0). Let o = d - -51. Suppose 4*p - o = 138. Is p composite?
True
Suppose 0 = -3*t + 8*t + 1490. Let k = t + 521. Is k prime?
True
Let a(d) = -1. Let r(n) = 2*n**3 - 2*n**2 - 2*n + 5. Let f(k) = -4*a(k) - r(k). Is f(-2) a prime number?
True
Let n(i) = -2*i + 4. Let a be n(-6). Let v = a - 4. Is (-14)/(-6) + 8/v prime?
True
Let t = 75 + 41. Suppose -y + 2*w = -25, -6*w + 2*w - t = -4*y. Is y composite?
True
Let l = 3339 + -1958. Is l prime?
True
Let h(k) = 2*k**3 - 3*k**2 + 5*k - 2. Let g be h(4). Suppose r - g = -r. Is r prime?
False
Let k(s) = 12*s**2 - 5*s - 1. Is k(-4) composite?
False
Suppose -y = 2*y + 3. Is 3*y + 29 + 9 a composite number?
True
Let b = -328 + 561. Suppose 2*s + b = 3*s. Is s a prime number?
True
Suppose -2*s + s + 76 = 0. Let d be 0/4 + s + -1. Suppose -2*q = 2*v - 32, -3*v - v = 5*q - d. Is q prime?
True
Let y = 36 - 5. Is y prime?
True
Suppose 471 = 5*b + 76. Is b prime?
True
Suppose -5*w - 28 + 13 = 0. Let u be 3/w*125/(-1). Let m = u - -38. Is m prime?
True
Let g be 15/(-6)*(-8)/10. Suppose 2*t = -g*z + 68, 5*t - 1 - 171 = -3*z. Is t a composite number?
True
Suppose c + 10 = 6. Let s be -5*(36/15 + -2). Is c*((-291)/12 - s) a composite number?
False
Suppose -k = 3*j - 1094, -3*j + 3312 = -2*k + 5*k. Is k a prime number?
True
Let v = -7883 + 12004. Is v a prime number?
False
Let r = -3141 - -4508. Is r prime?
True
Suppose 4*i - 16 = 2*i. Let w be -10*-1*(5 + 0). Suppose 0 = -i*u + 3*u + w. Is u a composite number?
True
Let w(u) = 3*u**2 + 2*u - u + 7 - 3 - 1. Let r be w(4). Is 0/(-3) + -2 + r a composite number?
False
Suppose 5*z - 5*q + 4*q + 64 = 0, 4*z - 3*q = -49. Suppose 10 = 5*n - 140. Let y = n - z. Is y a composite number?
False
Let v(t) = 21*t + 5. Let k(x) = -1. Let b(z) = -6*k(z) - v(z). Is b(-10) a prime number?
True
Is 4/(-6)*3 - -261 composite?
True
Suppose -32 = -4*o + 5*v, -3*o + 5*v + 21 = 2*v. Suppose 1 = -4*f + 5, -258 = -o*t - 3*f. Is t a composite number?
True
Is (-21)/(-6)*90 - -2 composite?
False
Suppose -3*d = -4*d - 48. Let l = 137 - 216. Let k = d - l. Is k a prime number?
True
Let h = -1584 + 2505. Is h a prime number?
False
Suppose 16*v - 14*v = 1082. Is v a prime number?
True
Suppose 594 = 2*p - 2. Is p a composite number?
True
Let z be 6 - (2 + -1)*2. Suppose -i + z = i. Suppose -5*x + 4*n = -22 - 27, 0 = -3*x - i*n + 47. Is x a prime number?
True
Suppose 2*g = 1137 - 83. Is g a composite number?
True
Let h(d) = 105*d**2. Let p be h(1). Suppose -460 - p = -5*r. Is r prime?
True
Let d(v) = 2*v**2 - 5*v - 11. Suppose 1 = 2*c + 5*u + 15, 0 = 5*c - 5*u. Let r = c - -10. Is d(r) a composite number?
True
Suppose 5*i - 16 = i. Let x be 0*-3*(-4)/24. Suppose x = 3*m - b - 164, b = m - i*b - 78. Is m a composite number?
False
Let f be 1/(0 - 3/(-3)). Let t(d) = 40*d - 5. Let j(p) = -1. Let l(m) = f*t(m) - 6*j(m). Is l(3) a composite number?
True
Let p(d) = -d + 98. Let o be p(0). Let u = o + -60. Is u composite?
True
Let c = 62 - 42. Suppose 3*j = c + 19. Is j a prime number?
True
Let l = -26 + 28. Is 8205/51 - l/(-17) a prime number?
False
Let a = 477 + -214. Is a a composite number?
False
Let g(b) = 52*b**2 - 7*b - 7. Is g(6) prime?
True
Suppose -b - 3*t + 691 - 87 = 0, 0 = 5*b + t - 3062. Is b a prime number?
True
Suppose -3*v = 2*v + 465. Let f = -40 - v. Is f a prime number?
True
Let x(q) = 4*q**3 - 12*q**2 - 12*q + 25. Is x(10) a composite number?
True
Let p(n) = 1281*n**2 - n + 1. Let u be p(1). Suppose -3*v + u = -0*v. Is v a prime number?
False
Let q(y) = 4*y**2 - 3*y + 4. Let s be q(5). Suppose 2*g - s - 197 = 0. Is g prime?
False
Suppose 3*n = 5*q - 28, 0 = 4*q - 2*q + n - 9. Let j(c) be the third derivative of c**5/15 - 5*c**4/24 + 2*c**3/3 - c**2. Is j(q) a composite number?
False
Suppose z =